{"id":85,"date":"2018-06-24T19:54:43","date_gmt":"2018-06-24T19:54:43","guid":{"rendered":"http:\/\/rittershofer-verlag.de\/?page_id=85"},"modified":"2018-11-17T17:06:38","modified_gmt":"2018-11-17T17:06:38","slug":"impressum","status":"publish","type":"page","link":"https:\/\/rittershofer-verlag.de\/?page_id=85","title":{"rendered":"Impressum"},"content":{"rendered":"\n<figure class=\"wp-block-image\"><img loading=\"lazy\" width=\"199\" height=\"115\" src=\"https:\/\/rittershofer-verlag.de\/wp-content\/uploads\/2018\/06\/logo-1.jpg\" alt=\"\" class=\"wp-image-40\"\/><\/figure>\n\n\n\n<p><strong>Inhaltlich Verantwortlicher gem\u00e4\u00df TMG<br><\/strong>Gisela Rittershofer<\/p>\n\n\n\n<p><strong>Verlagsangaben<br><\/strong>Gisela Rittershofer Verlag<br>Veit-Adam-Stra\u00dfe 14<br>85354 Freising<br><\/p>\n\n\n\n<p><strong>Ansprechpartner<br><\/strong>Gisela Rittershofer<br>Veit-Adam-Stra\u00dfe 14<br>85354 Freising<br>Telefon (08161) 65896<br><\/p>\n\n\n\n<p><strong>Mail<br><\/strong><a href=\"mailto:info@rittershofer-verlag.de\">info@rittershofer-verlag.de<\/a><br><\/p>\n","protected":false},"excerpt":{"rendered":"<p>Inhaltlich Verantwortlicher gem\u00e4\u00df TMGGisela Rittershofer VerlagsangabenGisela Rittershofer VerlagVeit-Adam-Stra\u00dfe 1485354 Freising AnsprechpartnerGisela RittershoferVeit-Adam-Stra\u00dfe 1485354 FreisingTelefon (08161) 65896 Mailinfo@rittershofer-verlag.de<\/p>\n <a class=\"more-link\" href=\"https:\/\/rittershofer-verlag.de\/?page_id=85\"><span class=\"more-msg\">Weiterlesen &rarr;<\/span><\/a>","protected":false},"author":2,"featured_media":0,"parent":0,"menu_order":10,"comment_status":"closed","ping_status":"closed","template":"","meta":[],"_links":{"self":[{"href":"https:\/\/rittershofer-verlag.de\/index.php?rest_route=\/wp\/v2\/pages\/85"}],"collection":[{"href":"https:\/\/rittershofer-verlag.de\/index.php?rest_route=\/wp\/v2\/pages"}],"about":[{"href":"https:\/\/rittershofer-verlag.de\/index.php?rest_route=\/wp\/v2\/types\/page"}],"author":[{"embeddable":true,"href":"https:\/\/rittershofer-verlag.de\/index.php?rest_route=\/wp\/v2\/users\/2"}],"replies":[{"embeddable":true,"href":"https:\/\/rittershofer-verlag.de\/index.php?rest_route=%2Fwp%2Fv2%2Fcomments&post=85"}],"version-history":[{"count":18,"href":"https:\/\/rittershofer-verlag.de\/index.php?rest_route=\/wp\/v2\/pages\/85\/revisions"}],"predecessor-version":[{"id":162,"href":"https:\/\/rittershofer-verlag.de\/index.php?rest_route=\/wp\/v2\/pages\/85\/revisions\/162"}],"wp:attachment":[{"href":"https:\/\/rittershofer-verlag.de\/index.php?rest_route=%2Fwp%2Fv2%2Fmedia&parent=85"}],"curies":[{"name":"wp","href":"https:\/\/api.w.org\/{rel}","templated":true}]}}